lse
Is 20541493 prime?
False
Is 54182459 composite?
False
Is 212897 a prime number?
True
Is 93016099 a prime number?
False
Is 6999611 prime?
True
Is 83637377 a composite number?
True
Is 5675482 a composite number?
True
Is 10242143 prime?
False
Is 142343 a composite number?
True
Is 10736041 composite?
True
Is 2801374 composite?
True
Is 240811 a composite number?
False
Is 22794487 a prime number?
True
Is 118750223 a composite number?
False
Is 576287 a composite number?
False
Is 15977957 composite?
False
Is 22700651 a composite number?
False
Is 55011353 prime?
True
Is 6872017 composite?
False
Is 10399791 a composite number?
True
Is 649345483 prime?
True
Is 64474541 a composite number?
False
Is 23134541 a prime number?
True
Is 692659 a prime number?
False
Is 386471 prime?
True
Is 29128117 prime?
True
Is 56133919 composite?
True
Is 25524193 a prime number?
True
Is 53938007 a prime number?
True
Is 8888147 prime?
True
Is 491479 a composite number?
True
Is 2547091 a composite number?
True
Is 16909667 a prime number?
True
Is 1370893 a composite number?
True
Is 1707833 a prime number?
True
Is 1063041451 a prime number?
False
Is 144934819 a prime number?
True
Is 8318119 a composite number?
True
Is 62496023 composite?
True
Is 16156079 a prime number?
True
Is 19113073 prime?
False
Is 780214513 a prime number?
False
Is 8754301 a composite number?
False
Is 33197347 prime?
True
Is 38509 composite?
True
Is 50590055 prime?
False
Is 684800167 a prime number?
True
Is 333668303 prime?
True
Is 6215549 prime?
False
Is 2930113 a composite number?
False
Is 8854919 prime?
True
Is 494213 composite?
False
Is 322462009 a prime number?
False
Is 94246 composite?
True
Is 5247269 prime?
True
Is 30697129 a composite number?
True
Is 3020821 a prime number?
False
Is 59703635 a prime number?
False
Is 92119737 a composite number?
True
Is 175829 composite?
False
Is 915913 prime?
False
Is 14479757 a composite number?
False
Is 184291 a prime number?
True
Is 44963033 a composite number?
False
Is 1069373 prime?
False
Is 328441 a prime number?
False
Is 347276423 a composite number?
True
Is 4428649 a prime number?
False
Is 11383789 composite?
True
Is 3000031 a prime number?
False
Is 5743691 a composite number?
False
Is 178386269 a composite number?
True
Is 2173307 composite?
False
Is 10305677 a composite number?
True
Is 158367837 a prime number?
False
Is 156857203 composite?
True
Is 9474463 composite?
True
Is 463199641 composite?
False
Is 194437 composite?
True
Is 11892113 a composite number?
True
Is 69503989 a prime number?
True
Is 28253221 composite?
True
Is 208877 a prime number?
True
Is 71755439 composite?
True
Is 34813783 composite?
False
Is 1515109 a composite number?
False
Is 5985983 composite?
False
Is 158905729 a prime number?
False
Is 7442431 a composite number?
False
Is 2758615 prime?
False
Is 247943 composite?
False
Is 24854705 prime?
False
Is 33120701 a composite number?
False
Is 1329639047 composite?
True
Is 12339422 a prime number?
False
Is 215684813 prime?
True
Is 70619183 composite?
False
Is 21727913 composite?
False
Is 9387497 prime?
False
Is 1033356601 prime?
True
Is 32935933 prime?
True
Is 23785019 composite?
True
Is 4783189 composite?
True
Is 346937987 a prime number?
False
Is 39497207 a composite number?
True
Is 6012239 prime?
True
Is 21714971 prime?
False
Is 1318841 prime?
True
Is 157212011 a composite number?
True
Is 23479211 composite?
True
Is 83739049 a composite number?
False
Is 9112091 composite?
False
Is 562997 composite?
False
Is 10656997 composite?
True
Is 40120397 composite?
False
Is 4194331 a prime number?
False
Is 22814509 prime?
True
Is 5111959 prime?
False
Is 1568579 a composite number?
False
Is 8324923 prime?
True
Is 163629047 a prime number?
True
Is 2025103 prime?
True
Is 28775521 prime?
True
Is 439841 composite?
True
Is 6695677 prime?
False
Is 41722007 a composite number?
False
Is 4884713 composite?
True
Is 17314387 a composite number?
True
Is 2967199 composite?
False
Is 9740501 a prime number?
True
Is 21300299 composite?
True
Is 7244371 composite?
False
Is 114914873 composite?
False
Is 37275311 a prime number?
True
Is 14078851 composite?
False
Is 29015579 composite?
False
Is 2201489 composite?
False
Is 1497679 a prime number?
False
Is 42782497 composite?
True
Is 118071997 a composite number?
True
Is 5567729 composite?
True
Is 120553871 a prime number?
True
Is 18301 a prime number?
True
Is 2648777 composite?
True
Is 5432785 a prime number?
False
Is 17338235 a prime number?
False
Is 118173883 a composite number?
True
Is 983077 a composite number?
True
Is 199048463 a prime number?
False
Is 22156153 a prime number?
False
Is 1782239 a prime number?
True
Is 9255595 a prime number?
False
Is 18293101 a prime number?
True
Is 21110051 prime?
True
Is 70046719 a prime number?
True
Is 35728207 a prime number?
True
Is 165698493 prime?
False
Is 2757107 composite?
True
Is 963899 prime?
True
Is 44157983 prime?
False
Is 81957445 a prime number?
False
Is 166168253 prime?
True
Is 10746641 a composite number?
False
Is 1159807 a composite number?
True
Is 257053 prime?
True
Is 1552885 a prime number?
False
Is 3262081 a prime number?
True
Is 3863687 a prime number?
True
Is 4207649 prime?
False
Is 5866537 composite?
False
Is 3077801 a composite number?
False
Is 13610021 a prime number?
True
Is 127959779 a prime number?
True
Is 675991 composite?
True
Is 1389253 a prime number?
False
Is 935461 prime?
True
Is 229531 a composite number?
True
Is 1609793 prime?
False
Is 32980693 a prime number?
True
Is 49914659 composite?
False
Is 2628953 composite?
False
Is 275594873 a prime number?
True
Is 798713 a composite number?
False
Is 258527 prime?
True
Is 341457373 a prime number?
False
Is 50014193 a prime number?
True
Is 1507234 a composite number?
True
Is 147739393 a composite number?
False
Is 1656719 a composite number?
False
Is 703753 a composite number?
False
Is 512745241 a composite number?
False
Is 2833003 composite?
True
Is 3391139 prime?
False
Is 70620343 a composite number?
True
Is 85683413 a prime number?
False
Is 32323507 a prime number?
True
Is 10844727 a prime number?
False
Is 280616351 composite?
False
Is 825679 a prime number?
True
Is 32679379 a prime number?
True
Is 47374203 prime?
False
Is 1073563 a prime number?
True
Is 86315123 a composite number?
False
Is 9991337 a prime number?
True
Is 10695241 composite?
True
Is 170537 composite?
False
Is 3154831 composite?
False
Is 304166893 a composite number?
True
Is 112004869 prime?
False
Is 1067459 composite?
False
Is 1264693 a prime number?
False
Is 473997 a composite number?
True
Is 7400021 a prime number?
True
Is 8058103 a composite number?
True
Is 351553271 prime?
True
Is 19994003 prime?
True
Is 2321507 prime?
True
Is 23175121 a composite number?
False
Is 106281517 composite?
False
Is 647473 a composite number?
True
Is 1896217 prime?
False
Is 18009263 composite?
True
Is 710350183 prime?
False
Is 605209273 a prime number?
True
Is 9757873 prime?
True
Is 48008127 composite?
True
Is 459956279 composite?
False
Is 27019859 composite?
True
Is 43975081 a prime number?
False
Is 173724947 composite?
True
Is 128549 composite?
False
Is 18081599 a prime number?
False
Is 97582241 prime?
True
Is 36792017 prime?
False
Is 2693419 prime?
False
Is 56468077 a composite number?
False
Is 30579983 a prime number?
False
Is 62184689 a composite number?
True
Is 125705809 a composite number?
False
Is 21645133 prime?
True
Is 370756801 a composite number?
False
Is 1709131 composite?
False
Is 68182183 prime?
False
Is 12359069 composite?
False
Is 4459111 composite?
True
Is 3274633 composite?
False
Is 32057321 a composite number?
False
Is 39468974 a composite number?
True
Is 6678871 composite?
False
Is 1247381 a composite number?
True
Is 183744683 a composite number?
True
Is 2507957 prime?
True
Is 6798319 composite?
True
Is 4862819 composite?
True
Is 46647941 composite?
False
Is 4721309 composite?
True
Is 33300661 a composite number?
False
Is 103793353 a prime number?
False
Is 8387779 a composite number?
True
Is 6681371 composite?
True
Is 14695 a prime number?
False
Is 75349273 composite?
True
Is 579331 prime?
True
Is 6501347 prime?
False
Is 7027109 a composite number?
False
Is 4388207 prime?
True
Is 121139 a composite number?
False
Is 177455471 a